{"id":9985,"date":"2024-04-06T13:04:28","date_gmt":"2024-04-06T11:04:28","guid":{"rendered":"http:\/\/wp.kinderarztpraxis-lechhausen.de\/?page_id=9985"},"modified":"2024-09-09T16:06:21","modified_gmt":"2024-09-09T14:06:21","slug":"aktuelles","status":"publish","type":"page","link":"https:\/\/www.kinderarztpraxis-lechhausen.de\/?page_id=9985","title":{"rendered":"Aktuelles"},"content":{"rendered":"<p><div class=\"et_d4_element et_pb_section et_pb_section_0  et_pb_css_mix_blend_mode et_section_regular et_block_section\" >\n\t\t\t\t\n\t\t\t\t\n\t\t\t\t\n\t\t\t\t\n\t\t\t\t\n\t\t\t\t\n\t\t\t\t<div class=\"et_d4_element et_pb_row et_pb_row_0 et_pb_equal_columns  et_pb_css_mix_blend_mode et_block_row\">\n\t\t\t\t<div class=\"et_d4_element et_pb_column_4_4 et_pb_column et_pb_column_0  et_pb_css_mix_blend_mode et-last-child et_block_column\" id=\"content-vertical-align-bottom\">\n\t\t\t\t\n\t\t\t\t\n\t\t\t\t\n\t\t\t\t\n\t\t\t\t<div class=\"et_pb_module et_d4_element et_pb_text et_pb_text_0 content-vertical-align-bottom  et_pb_text_align_center et_pb_bg_layout_light\">\n\t\t\t\t\n\t\t\t\t\n\t\t\t\t\n\t\t\t\t\n\t\t\t\t<div class=\"et_pb_text_inner\"><h2>Aktuelles<\/h2><\/div>\n\t\t\t<\/div>\n\t\t\t<\/div>\n\t\t\t\t\n\t\t\t\t\n\t\t\t\t\n\t\t\t\t\n\t\t\t<\/div>\n\t\t\t\t\n\t\t\t\t\n\t\t\t<\/div><div class=\"et_d4_element et_pb_section et_pb_section_1  et_pb_css_mix_blend_mode et_section_regular et_block_section\" >\n\t\t\t\t\n\t\t\t\t\n\t\t\t\t\n\t\t\t\t\n\t\t\t\t\n\t\t\t\t\n\t\t\t\t<div class=\"et_d4_element et_pb_row et_pb_row_1 et_pb_equal_columns et_pb_gutters2  et_pb_css_mix_blend_mode et_block_row\">\n\t\t\t\t<div class=\"et_d4_element et_pb_column_1_3 et_pb_column et_pb_column_1  et_pb_css_mix_blend_mode et_block_column\">\n\t\t\t\t\n\t\t\t\t\n\t\t\t\t\n\t\t\t\t\n\t\t\t\t<div class=\"et_pb_module et_d4_element et_pb_image et_pb_image_0\">\n\t\t\t\t\n\t\t\t\t\n\t\t\t\t\n\t\t\t\t\n\t\t\t\t<a href=\"https:\/\/www.kinderarztpraxis-lechhausen.de\/?page_id=9985\"><span class=\"et_pb_image_wrap \"><img loading=\"lazy\" decoding=\"async\" width=\"1200\" height=\"750\" src=\"https:\/\/www.kinderarztpraxis-lechhausen.de\/wp-content\/uploads\/2024\/04\/Teaserbild-Infobox-AKTUELLES.jpg\" alt=\"\" title=\"Teaserbild Infobox AKTUELLES\" srcset=\"https:\/\/www.kinderarztpraxis-lechhausen.de\/wp-content\/uploads\/2024\/04\/Teaserbild-Infobox-AKTUELLES.jpg 1200w, https:\/\/www.kinderarztpraxis-lechhausen.de\/wp-content\/uploads\/2024\/04\/Teaserbild-Infobox-AKTUELLES-980x613.jpg 980w, https:\/\/www.kinderarztpraxis-lechhausen.de\/wp-content\/uploads\/2024\/04\/Teaserbild-Infobox-AKTUELLES-480x300.jpg 480w\" sizes=\"(min-width: 0px) and (max-width: 480px) 480px, (min-width: 481px) and (max-width: 980px) 980px, (min-width: 981px) 1200px, 100vw\" class=\"wp-image-10179\" \/><\/span><\/a>\n\t\t\t<\/div><div class=\"et_pb_module et_d4_element et_pb_text et_pb_text_1 et_clickable  et_pb_text_align_left et_pb_bg_layout_light\">\n\t\t\t\t\n\t\t\t\t\n\t\t\t\t\n\t\t\t\t\n\t\t\t\t<div class=\"et_pb_text_inner\"><p><span><strong>Neue StiKo Empfehlung, Impfung gegen Meningokokken Typ B<\/strong><\/span><\/p>\n<p><span>Wir begr\u00fc\u00dfen diese Empfehlung sehr, sie gilt f\u00fcr alle Kinder bis einem Tag vor dem 5. Geburtstag. Kinder unter 2 Jahren ben\u00f6tigen 3 Impfungen, Kinder \u00fcber 2 Jahren nur 2 Impfungen. Bis auf weiteres m\u00fcssen die Eltern f\u00fcr die Impfkosten (Impfstoff und \u00e4rztliche Leistung) in Vorleistung gehen. Die Krankenkassen sind gesetzlich dazu verpflichtet, die Kosten komplett zu \u00fcbernehmen. Vereinbaren Sie hierzu einen Termin. Bitte holen Sie <strong>vor dem Termin<\/strong> bei uns ein <strong>Privatrezept<\/strong> f\u00fcr den Impfstoff ab, und bringen ihn zum Termin mit.\u00a0<\/span><\/p><\/div>\n\t\t\t<\/div>\n\t\t\t<\/div><div class=\"et_d4_element et_pb_column_1_3 et_pb_column et_pb_column_2  et_pb_css_mix_blend_mode et_block_column\">\n\t\t\t\t\n\t\t\t\t\n\t\t\t\t\n\t\t\t\t\n\t\t\t\t<div class=\"et_pb_module et_d4_element et_pb_image et_pb_image_1\">\n\t\t\t\t\n\t\t\t\t\n\t\t\t\t\n\t\t\t\t\n\t\t\t\t<a href=\"https:\/\/www.kinderarztpraxis-lechhausen.de\/?page_id=9614\"><span class=\"et_pb_image_wrap \"><img loading=\"lazy\" decoding=\"async\" width=\"1200\" height=\"750\" src=\"https:\/\/www.kinderarztpraxis-lechhausen.de\/wp-content\/uploads\/2024\/04\/Teaserbild-Infobox-URLAUB_2jpg.jpg\" alt=\"\" title=\"Teaserbild Infobox URLAUB_2jpg\" srcset=\"https:\/\/www.kinderarztpraxis-lechhausen.de\/wp-content\/uploads\/2024\/04\/Teaserbild-Infobox-URLAUB_2jpg.jpg 1200w, https:\/\/www.kinderarztpraxis-lechhausen.de\/wp-content\/uploads\/2024\/04\/Teaserbild-Infobox-URLAUB_2jpg-980x613.jpg 980w, https:\/\/www.kinderarztpraxis-lechhausen.de\/wp-content\/uploads\/2024\/04\/Teaserbild-Infobox-URLAUB_2jpg-480x300.jpg 480w\" sizes=\"(min-width: 0px) and (max-width: 480px) 480px, (min-width: 481px) and (max-width: 980px) 980px, (min-width: 981px) 1200px, 100vw\" class=\"wp-image-10278\" \/><\/span><\/a>\n\t\t\t<\/div><div class=\"et_pb_module et_d4_element et_pb_text et_pb_text_2 et_clickable  et_pb_text_align_left et_pb_bg_layout_light\">\n\t\t\t\t\n\t\t\t\t\n\t\t\t\t\n\t\t\t\t\n\t\t\t\t\n\t\t\t<\/div>\n\t\t\t<\/div><div class=\"et_d4_element et_pb_column_1_3 et_pb_column et_pb_column_3 et_clickable  et_pb_css_mix_blend_mode et-last-child et_block_column\">\n\t\t\t\t\n\t\t\t\t\n\t\t\t\t\n\t\t\t\t\n\t\t\t\t<div class=\"et_pb_module et_d4_element et_pb_image et_pb_image_2\">\n\t\t\t\t\n\t\t\t\t\n\t\t\t\t\n\t\t\t\t\n\t\t\t\t<span class=\"et_pb_image_wrap \"><img loading=\"lazy\" decoding=\"async\" width=\"1200\" height=\"750\" src=\"https:\/\/www.kinderarztpraxis-lechhausen.de\/wp-content\/uploads\/2024\/04\/Teaserbild-Infobox-JOBS.jpg\" alt=\"\" title=\"Teaserbild Infobox JOBS\" srcset=\"https:\/\/www.kinderarztpraxis-lechhausen.de\/wp-content\/uploads\/2024\/04\/Teaserbild-Infobox-JOBS.jpg 1200w, https:\/\/www.kinderarztpraxis-lechhausen.de\/wp-content\/uploads\/2024\/04\/Teaserbild-Infobox-JOBS-980x613.jpg 980w, https:\/\/www.kinderarztpraxis-lechhausen.de\/wp-content\/uploads\/2024\/04\/Teaserbild-Infobox-JOBS-480x300.jpg 480w\" sizes=\"(min-width: 0px) and (max-width: 480px) 480px, (min-width: 481px) and (max-width: 980px) 980px, (min-width: 981px) 1200px, 100vw\" class=\"wp-image-10180\" \/><\/span>\n\t\t\t<\/div><div class=\"et_pb_module et_d4_element et_pb_text et_pb_text_3  et_pb_text_align_left et_pb_bg_layout_light\">\n\t\t\t\t\n\t\t\t\t\n\t\t\t\t\n\t\t\t\t\n\t\t\t\t<div class=\"et_pb_text_inner\"><p>Hier findest Du den richtigen Job im besten Team in Sachen Kindergesundheit!<\/p><\/div>\n\t\t\t<\/div>\n\t\t\t<\/div>\n\t\t\t\t\n\t\t\t\t\n\t\t\t\t\n\t\t\t\t\n\t\t\t<\/div>\n\t\t\t\t\n\t\t\t\t\n\t\t\t<\/div><\/p>\n","protected":false},"excerpt":{"rendered":"","protected":false},"author":1,"featured_media":0,"parent":0,"menu_order":1,"comment_status":"closed","ping_status":"closed","template":"","meta":{"_et_pb_use_builder":"on","_et_pb_old_content":"","_et_gb_content_width":"","footnotes":""},"class_list":["post-9985","page","type-page","status-publish","hentry"],"_links":{"self":[{"href":"https:\/\/www.kinderarztpraxis-lechhausen.de\/index.php?rest_route=\/wp\/v2\/pages\/9985","targetHints":{"allow":["GET"]}}],"collection":[{"href":"https:\/\/www.kinderarztpraxis-lechhausen.de\/index.php?rest_route=\/wp\/v2\/pages"}],"about":[{"href":"https:\/\/www.kinderarztpraxis-lechhausen.de\/index.php?rest_route=\/wp\/v2\/types\/page"}],"author":[{"embeddable":true,"href":"https:\/\/www.kinderarztpraxis-lechhausen.de\/index.php?rest_route=\/wp\/v2\/users\/1"}],"replies":[{"embeddable":true,"href":"https:\/\/www.kinderarztpraxis-lechhausen.de\/index.php?rest_route=%2Fwp%2Fv2%2Fcomments&post=9985"}],"version-history":[{"count":13,"href":"https:\/\/www.kinderarztpraxis-lechhausen.de\/index.php?rest_route=\/wp\/v2\/pages\/9985\/revisions"}],"predecessor-version":[{"id":10762,"href":"https:\/\/www.kinderarztpraxis-lechhausen.de\/index.php?rest_route=\/wp\/v2\/pages\/9985\/revisions\/10762"}],"wp:attachment":[{"href":"https:\/\/www.kinderarztpraxis-lechhausen.de\/index.php?rest_route=%2Fwp%2Fv2%2Fmedia&parent=9985"}],"curies":[{"name":"wp","href":"https:\/\/api.w.org\/{rel}","templated":true}]}}